e -1 + 0 - (-64 - 1). Suppose 2*k = o + 21, 4*o - 13 = 5*k - q. List the prime factors of k.
11
Suppose m = 4*f - 2*m - 227, 5*f = 3*m + 283. What are the prime factors of f?
2, 7
Suppose -4*z - 25 = z. Let g be (-16)/((4/(-1))/2). Let l = g + z. What are the prime factors of l?
3
Suppose 4*j = j - 72. Let i = 43 + j. What are the prime factors of i?
19
Suppose -6 - 4 = 5*v. Let g be ((-65)/2)/(1/v). Suppose 0 = -2*p - 3*p + g. What are the prime factors of p?
13
Let i be (-2)/((0 - -2) + -3). Suppose -h - 2*h + i*v = -10, -3*h = -3*v - 12. What are the prime factors of h?
2
Let d(s) = s + 8. Let w be d(-6). Suppose 3*c - w*l = l + 3, 2*c - 7 = -3*l. Suppose 4*j - 12 = x, -4*j - 6*x = -c*x - 32. What are the prime factors of j?
2
Suppose -4*l = 2*z - 6 - 12, 4*z - l = -9. Let h = z - -5. Suppose -h*p + 3*p + 14 = 0. List the prime factors of p.
2, 7
Suppose -2*x - 2*g - 1 = -7*g, -15 = 5*g. List the prime factors of ((-18)/8)/(2/x).
3
Suppose -b + 0*b + 1 = 0. Let h = b - -11. List the prime factors of h.
2, 3
Let b(p) = -p**2 + 9*p + 10. Let i be b(7). Suppose 0 = 4*k - i - 4. Suppose c + k = -3*g + 3, -2*c - 2*g = -4. List the prime factors of c.
5
Let x = 13 - 12. List the prime factors of (x - -3)*21/4.
3, 7
Let l = 57 - -32. What are the prime factors of l?
89
Let k(q) = -q**3 - 5*q**2 - 3*q + 2. Let l be k(-3). What are the prime factors of (-12)/(-2)*l/(-14)?
3
Let m be -2 + 0 - -2 - 0. Let q(r) = 6 + m - 7 - 10*r. What are the prime factors of q(-1)?
3
Suppose 2616 = 13*r - r. List the prime factors of r.
2, 109
Let n(g) = 2 + 2*g + 14 - 4 - 4*g. List the prime factors of n(-10).
2
Let i(o) = o. Suppose -3*x - 20 = -8*x. Let v be i(x). Suppose -2*k + 3*h + 3 = -7, 0 = v*k + h - 6. List the prime factors of k.
2
Suppose 0 = -5*o - 47 - 18. Let k = -8 - o. What are the prime factors of k?
5
Let k(l) = l - 5. Let d be k(8). Let b = d + -2. Suppose -u - b = -10. What are the prime factors of u?
3
Let b(y) = 1 - 2*y + y**2 - 4*y**2 + 2*y**2. Let i be b(-3). What are the prime factors of i/7 - 195/(-21)?
3
Suppose 3 - 30 = -3*j. Let p = j - 5. What are the prime factors of p?
2
Let i be (-1)/(2*1/(-22)). Suppose -m + i = -0*m. What are the prime factors of m?
11
What are the prime factors of (-3)/(92/(-90) + 1)?
3, 5
Let o(w) = -w**3 - 14*w**2 + 10*w - 36. What are the prime factors of o(-15)?
3, 13
Let p = -75 + 126. List the prime factors of p.
3, 17
Let s(u) be the first derivative of -4*u**3/3 - u**2 + u + 3. Let p be s(-2). Let h = p + 26. List the prime factors of h.
3, 5
Let g = 3 - 1. Suppose 4 = g*f - 2. What are the prime factors of f?
3
Suppose 0 = 5*b + 3*x - 164 + 47, -70 = -3*b - 2*x. What are the prime factors of b?
2, 3
Suppose 2*p - 2*z = 6*p + 4, -z + 8 = -3*p. List the prime factors of (0/p + 1)*2.
2
Suppose -2*q = 2*q - 68. Let r be (3 + -1)*45/10. Let f = q - r. List the prime factors of f.
2
Let o = 0 - -4. Suppose -g + 0*g - 2*c = -7, 5*c - 30 = -5*g. Suppose 2*y = -3*v + o + 22, -2*v = g*y - 76. List the prime factors of y.
2
Let z(p) = -p**2 - 5*p + 1. Let i be 1*(-2 - (4 + -2)). Let h be z(i). Let d = h + -3. List the prime factors of d.
2
Suppose 145 = d + 5*p, 7*d = 4*d - 4*p + 424. List the prime factors of d.
2, 5, 7
List the prime factors of (1*-135)/((-3)/4).
2, 3, 5
Let r = -174 - -249. What are the prime factors of r?
3, 5
What are the prime factors of (0/(-1))/(0 - -1) + 90?
2, 3, 5
List the prime factors of 9/(-45) - 42/(-10).
2
Let s be (1/2)/(6/36). Suppose 110 = 5*w - s*n, -2*w = -n + 14 - 59. List the prime factors of (28/10)/(5/w).
2, 7
Suppose 8 = -3*p - 1. What are the prime factors of ((-2)/(-4))/(p/(-12))?
2
Let o = -15 - -13. List the prime factors of (8/1)/(o/(-4)).
2
Let s be (7/(-3))/(2/6). Let y(b) = b - 3. Let k be y(9). What are the prime factors of k/s*-1*7?
2, 3
Let x(q) be the third derivative of -q**5/60 - 7*q**4/24 + 5*q**3/3 + q**2. Suppose -16 = 3*j + 4*t, -3*t + 0*t = 4*j + 26. What are the prime factors of x(j)?
2
Suppose 5 = 5*k - 5*p - 75, 5*k = -p + 62. Let r(o) = o - 4. Let a be r(6). Suppose 4*n + g = k, 0 = a*n + 4*g - 6 - 18. List the prime factors of n.
2
Let m = -9 + 13. Let a be (1 - 1)/(1 + 1). Let k = m - a. What are the prime factors of k?
2
Suppose 0 = -4*p + 7 + 13. Suppose -p*t - 5 = 0, -7 = -g + 5*t - t. Suppose 3*j + g*v = 36, 0 = v - 4 + 7. List the prime factors of j.
3, 5
Suppose 4*z = 5*z. Suppose -v - 2*i + 18 = -z*v, 5*v = -3*i + 76. What are the prime factors of v?
2, 7
Suppose -2 + 12 = 2*x. Suppose -5*t = -4*f + 40, -5*t - 35 = 2*f - x*f. What are the prime factors of f?
5
Let o(y) = y**2 + 4*y - 1. Let m be o(-4). Let u be (m - -2) + -2 + 0. Let r = u + 4. List the prime factors of r.
3
Suppose -3*w = -0*w - 4*m - 29, 4*w - 4*m - 40 = 0. Suppose 4*s - w = -3. Suppose 44 = 4*u - s*d, 7*u - 2*u + 5*d = 40. What are the prime factors of u?
2, 5
Suppose 5*k - 286 = -2*g, 0*k - 2*k + g = -118. What are the prime factors of k?
2, 29
Let i(a) = -a**3 + a**2 + 4*a - 1. Let q be i(3). Let z = 2 - q. List the prime factors of z.
3
Let a(f) = 4*f**2 + 5*f + 2. List the prime factors of a(-5).
7, 11
Let n be ((-27)/(-4))/((-6)/(-32)). Suppose -3*p + 4*d = p - 28, -p = 3*d + 5. Suppose 0*h - n = -p*h. What are the prime factors of h?
3
Suppose 4*i - 7 = 5*i - 2*o, 4*i - 2*o = 2. Suppose q + 8 = 3*w, -i + 19 = 5*w - 3*q. List the prime factors of (2/(-1))/(w/(-11)).
11
Suppose -5*d + 48 = 18. Let w(m) = m - 6. Let c be w(d). Suppose -3*i - 45 = -4*j - c*j, -8 = -j + 4*i. What are the prime factors of j?
2, 3
Let b = -325 - -600. What are the prime factors of b?
5, 11
Suppose 183 = -6*u + 1959. List the prime factors of u.
2, 37
Let w(m) = 4*m + 11. Let a be w(-12). Let v = 9 + a. Let s = 42 + v. What are the prime factors of s?
2, 7
Let j = -1 + 10. Let y(l) = l + 9. Let g(c) = 1. Let r(s) = -5*g(s) + y(s). What are the prime factors of r(j)?
13
Let h(k) = -5*k + 4*k**2 + 2*k + 4*k. Let f be h(-1). Suppose -9 = 3*s, -4*s - 7 - 29 = -f*a. List the prime factors of a.
2
Suppose -3*y + 92 = -100. What are the prime factors of y?
2
Let v be 1*8*(2 + -1). Let u be ((-2)/(-8))/(5/20). List the prime factors of 2/u + 0 + v.
2, 5
Suppose 17 = -3*d + 5. Let z = 23 + d. List the prime factors of z.
19
Let f = -7 - -11. Suppose -f = -3*p + p. Suppose 24 = 4*n + u, -3*n = -p*n - u - 11. List the prime factors of n.
7
Suppose -3*j + 87 = p, 0 = 3*p - 3*j + 8*j - 269. Let f be p/33 + (-2)/(-11). List the prime factors of (6/f)/1 - -3.
5
Suppose 0 = 3*u - 2*z - 124, 4*u = -3*z + 55 + 116. What are the prime factors of u?
2, 3, 7
Let h be 91/2 - (-3)/6. Suppose -15 = -4*s + 2*m + 101, 4*s = -3*m + 116. Suppose -h - s = -5*g. List the prime factors of g.
3, 5
Let o be (-2)/2*(-2)/2. Let s be o - 1 - (-10 - -1). Suppose x + 2*x = s. What are the prime factors of x?
3
Let m be 2/1 + (0 - -2). Suppose m*h = -h - 65. Let n = h + 24. List the prime factors of n.
11
Suppose -o - 24 - 15 = -2*y, 3*y + 5*o - 26 = 0. Suppose 0 = 3*h - 0*h + 15. Let c = h + y. List the prime factors of c.
2, 3
Let w be (-18)/9*(-10)/4. Suppose 17 = 7*h - 4*h + 2*o, w*o = h. List the prime factors of h.
5
Suppose 5*n - 3 = 4*n. Suppose 0 = k - 5*q - 2 + 1, 1 = k + n*q. Suppose -s + 4*c + 15 = 0, k = c + 3. What are the prime factors of s?
7
Let w(o) be the third derivative of o**7/2520 - o**6/72 - o**5/15 + o**2. Let t(j) be the third derivative of w(j). List the prime factors of t(7).
2
Let j(k) be the first derivative of 5*k**4/6 - k**3/6 - k**2/2 - 2*k + 1. Let f(m) be the first derivative of j(m). List the prime factors of f(-1).
2, 5
Suppose 4*x = -2*n - 4, -n + 6 = -x - 1. Suppose -n*g = 5*t + 2, 2*t + 11 = -0*t - 5*g. Suppose 5*f - t = 23. What are the prime factors of f?
5
Suppose 0 = 5*z + f - 55, -2*z + 5*f = 2*z - 15. Suppose -6*d - 16 = -z*d. What are the prime factors of d?
2
Let b(j) = 5*j - 2. Let k(i) = 10*i - 4. Let f(t) = 7*b(t) - 3*k(t). List the prime factors of f(5).
23
Let t be 9/6*(-6)/(-9). What are the prime factors of t/4 + (-147)/(-4)?
37
Let t be -4*1/4*-5. Suppose -t*w - 10 = 0, -5*y + 3*w = -4 - 2. Suppose -2*n + 4*n - 22 = y. List the prime factors of n.
11
Suppose -69 = -3*l - i + 3*i, 3*l - 69 = 3*i. List the prime factors of l.
23
Suppose -2*o + 5*o + 5*v - 184 = 0, 4*o = -